{"id":1716,"date":"2025-03-28T22:31:02","date_gmt":"2025-03-28T21:31:02","guid":{"rendered":"https:\/\/avoxano.com\/cms\/?page_id=1716"},"modified":"2025-03-29T21:41:56","modified_gmt":"2025-03-29T20:41:56","slug":"leitbild","status":"publish","type":"page","link":"https:\/\/avoxano.com\/cms\/leitbild\/","title":{"rendered":"Leitbild"},"content":{"rendered":"\n<div class=\"wp-block-cover alignfull\" style=\"min-height:300px;aspect-ratio:unset;\"><span aria-hidden=\"true\" class=\"wp-block-cover__background has-background-dim\" style=\"background-color:#6f8868\"><\/span><img loading=\"lazy\" decoding=\"async\" width=\"1399\" height=\"513\" class=\"wp-block-cover__image-background wp-image-1534\" alt=\"\" src=\"https:\/\/avoxano.com\/cms\/wp-content\/uploads\/2024\/08\/Themenbild_Nachhaltigkeit.png\" style=\"object-position:81% 63%\" data-object-fit=\"cover\" data-object-position=\"81% 63%\" srcset=\"https:\/\/avoxano.com\/cms\/wp-content\/uploads\/2024\/08\/Themenbild_Nachhaltigkeit.png 1399w, https:\/\/avoxano.com\/cms\/wp-content\/uploads\/2024\/08\/Themenbild_Nachhaltigkeit-300x110.png 300w, https:\/\/avoxano.com\/cms\/wp-content\/uploads\/2024\/08\/Themenbild_Nachhaltigkeit-1024x375.png 1024w, https:\/\/avoxano.com\/cms\/wp-content\/uploads\/2024\/08\/Themenbild_Nachhaltigkeit-768x282.png 768w\" sizes=\"auto, (max-width: 1399px) 100vw, 1399px\" \/><div class=\"wp-block-cover__inner-container is-layout-flow wp-block-cover-is-layout-flow\">\n<p class=\"has-text-align-center has-xx-large-font-size\"><strong>Leitbild<\/strong><\/p>\n<\/div><\/div>\n\n\n\n<div class=\"wp-block-group alignfull has-global-padding is-layout-constrained wp-block-group-is-layout-constrained\">\n<div class=\"wp-block-group alignwide is-vertical is-content-justification-center is-layout-flex wp-container-core-group-is-layout-ce155fab wp-block-group-is-layout-flex\">\n<p><strong>Vision:<\/strong><br>Wir streben danach, ein f\u00fchrendes Unternehmen im Bereich der Automatisierung und IT\/OT-Integration zu sein, das durch innovative L\u00f6sungen die Art und Weise, wie Unternehmen arbeiten, revolutioniert.<br><br><strong>Mission:<\/strong><br>Unsere Mission ist es, durch ma\u00dfgeschneiderte Automatisierungsl\u00f6sungen und intelligente IT\/OT-Integration unseren Kunden zu helfen, ihre Effizienz zu steigern, Kosten zu senken und nachhaltige Erfolge zu erzielen. Wir setzen auf technologische Exzellenz und kreative Ans\u00e4tze, um die Herausforderungen von morgen zu meistern.<br><br><strong>Werte:<\/strong><br> &#8211; Innovation: Wir f\u00f6rdern eine Kultur der Kreativit\u00e4t und des Wandels, um stets die besten L\u00f6sungen zu entwickeln.<br> &#8211; Qualit\u00e4t: Wir verpflichten uns zu h\u00f6chsten Standards in allen unseren Produkten und Dienstleistungen.<br> &#8211; Teamgeist: Wir glauben an die Kraft der Zusammenarbeit und den Austausch von Ideen, um gemeinsam Gro\u00dfes zu erreichen.<br> &#8211; Nachhaltigkeit: Wir handeln verantwortungsbewusst und setzen uns f\u00fcr umweltfreundliche Praktiken ein, um eine bessere Zukunft zu schaffen.<br><br><strong>Ziele:<\/strong><br> &#8211; Die Entwicklung und Implementierung von innovativen Automatisierungsl\u00f6sungen, die den spezifischen Bed\u00fcrfnissen unserer Kunden gerecht werden.<br> &#8211; Die F\u00f6rderung einer offenen und kreativen Unternehmenskultur, die Mitarbeiter inspiriert und motiviert.<br> &#8211; Die kontinuierliche Verbesserung unserer Prozesse und Dienstleistungen, um die Zufriedenheit unserer Kunden zu maximieren.<br><br><strong>Engagement:<\/strong><br>Wir sind entschlossen, durch unsere L\u00f6sungen nicht nur die Effizienz unserer Kunden zu steigern, sondern auch einen positiven Einfluss auf die Gesellschaft und die Umwelt auszu\u00fcben. Gemeinsam mit unseren Partnern und Kunden gestalten wir die Zukunft der Automatisierung und IT\/OT-Integration.<\/p>\n<\/div>\n<\/div>\n","protected":false},"excerpt":{"rendered":"<p>Vision:Wir streben danach, ein f\u00fchrendes Unternehmen im Bereich der Automatisierung und IT\/OT-Integration zu sein, das durch innovative L\u00f6sungen die Art und Weise, wie Unternehmen arbeiten, revolutioniert. Mission:Unsere Mission ist es, durch ma\u00dfgeschneiderte Automatisierungsl\u00f6sungen und intelligente IT\/OT-Integration unseren Kunden zu helfen, ihre Effizienz zu steigern, Kosten zu senken und nachhaltige Erfolge zu erzielen. Wir setzen auf [&hellip;]<\/p>\n","protected":false},"author":1,"featured_media":0,"parent":0,"menu_order":0,"comment_status":"closed","ping_status":"closed","template":"page-no-title","meta":{"footnotes":""},"class_list":["post-1716","page","type-page","status-publish","hentry"],"_links":{"self":[{"href":"https:\/\/avoxano.com\/cms\/wp-json\/wp\/v2\/pages\/1716","targetHints":{"allow":["GET"]}}],"collection":[{"href":"https:\/\/avoxano.com\/cms\/wp-json\/wp\/v2\/pages"}],"about":[{"href":"https:\/\/avoxano.com\/cms\/wp-json\/wp\/v2\/types\/page"}],"author":[{"embeddable":true,"href":"https:\/\/avoxano.com\/cms\/wp-json\/wp\/v2\/users\/1"}],"replies":[{"embeddable":true,"href":"https:\/\/avoxano.com\/cms\/wp-json\/wp\/v2\/comments?post=1716"}],"version-history":[{"count":5,"href":"https:\/\/avoxano.com\/cms\/wp-json\/wp\/v2\/pages\/1716\/revisions"}],"predecessor-version":[{"id":1763,"href":"https:\/\/avoxano.com\/cms\/wp-json\/wp\/v2\/pages\/1716\/revisions\/1763"}],"wp:attachment":[{"href":"https:\/\/avoxano.com\/cms\/wp-json\/wp\/v2\/media?parent=1716"}],"curies":[{"name":"wp","href":"https:\/\/api.w.org\/{rel}","templated":true}]}}