{"id":6,"date":"2024-02-08T18:51:58","date_gmt":"2024-02-08T17:51:58","guid":{"rendered":"http:\/\/avoxano.com\/cmswp\/?page_id=6"},"modified":"2025-10-03T08:10:18","modified_gmt":"2025-10-03T06:10:18","slug":"impressum","status":"publish","type":"page","link":"https:\/\/avoxano.com\/cms\/impressum\/","title":{"rendered":"Impressum"},"content":{"rendered":"\n<div class=\"wp-block-cover alignfull\" style=\"min-height:300px;aspect-ratio:unset;\"><img loading=\"lazy\" decoding=\"async\" width=\"1173\" height=\"782\" class=\"wp-block-cover__image-background wp-image-1517\" alt=\"\" src=\"https:\/\/avoxano.com\/cms\/wp-content\/uploads\/2024\/08\/Themenbild_Impressum.png\" style=\"object-position:45% 51%\" data-object-fit=\"cover\" data-object-position=\"45% 51%\" srcset=\"https:\/\/avoxano.com\/cms\/wp-content\/uploads\/2024\/08\/Themenbild_Impressum.png 1173w, https:\/\/avoxano.com\/cms\/wp-content\/uploads\/2024\/08\/Themenbild_Impressum-300x200.png 300w, https:\/\/avoxano.com\/cms\/wp-content\/uploads\/2024\/08\/Themenbild_Impressum-1024x683.png 1024w, https:\/\/avoxano.com\/cms\/wp-content\/uploads\/2024\/08\/Themenbild_Impressum-768x512.png 768w\" sizes=\"auto, (max-width: 1173px) 100vw, 1173px\" \/><span aria-hidden=\"true\" class=\"wp-block-cover__background has-background-dim\" style=\"background-color:#3c342d\"><\/span><div class=\"wp-block-cover__inner-container is-layout-flow wp-block-cover-is-layout-flow\">\n<p class=\"has-text-align-center has-base-2-color has-text-color has-link-color has-xx-large-font-size wp-elements-7cc23034a4a9e2c09a087615df0d506c\" style=\"margin-top:0;margin-right:0;margin-bottom:0;margin-left:0;padding-top:0;padding-right:0px;padding-bottom:0;padding-left:0px\"><strong>Impressum<\/strong><\/p>\n<\/div><\/div>\n\n\n\n<div style=\"height:10px\" aria-hidden=\"true\" class=\"wp-block-spacer\"><\/div>\n\n\n\n<figure class=\"wp-block-table alignwide is-style-stripes has-medium-font-size\" style=\"margin-top:0px;margin-right:0px;margin-bottom:0px;margin-left:0px;padding-top:0;padding-right:0;padding-bottom:0;padding-left:0\"><table class=\"has-fixed-layout\" style=\"border-style:none;border-width:0px\"><tbody><tr><td><strong>AVOXANO AG<\/strong><br>Geschwister-Scholl-Str. 24 <br>68723 Oftersheim<br>Deutschland<br><br>Tel: +49 6202 95302-80 <br>E-Mail: info(at)avoxano.com<br>Internet: www.avoxano.com<\/td><\/tr><tr><td><strong>Vorsitzende des Aufsitzsrates:<\/strong> Frau Arlane DOHERTY<br><strong>Vorstandsvorsitzender: <\/strong>Herr Ante CRNJAC<br><strong>Registergericht<\/strong> <strong>Mannheim <\/strong>HRB 751153<\/td><\/tr><tr><td><strong>Umsatzsteuer-Identifikationsnummer gem\u00e4\u00df \u00a7 27 a Umsatzsteuergesetz:<\/strong> DE368423613<br><strong>D-U-N-S\u00ae Nummer: <\/strong>315746316<br><strong>WKN \/ ISIN: <\/strong>A40HZ0 \/ DE000A40HZ04<\/td><\/tr><tr><td><strong>Programmierung &amp; Design<\/strong><br>Inhaltlich Verantwortlicher gem\u00e4\u00df \u00a7 6 MDStV: Herr Ante CRNJAC<\/td><\/tr><tr><td><strong>Streitschlichtung<\/strong><br>Die EU-Kommission stellt eine Plattform f\u00fcr au\u00dfergerichtliche Streitschlichtung bereit. Verbrauchern gibt dies k\u00fcnftig die M\u00f6glichkeit, Streitigkeiten im Zusammenhang mit ihrer Online-Bestellung zun\u00e4chst au\u00dfergerichtlich zu kl\u00e4ren. Die Streitbeilegungs-Plattform finden Sie hier: <a href=\"http:\/\/ec.europa.eu\/consumers\/odr\/\" target=\"_blank\" rel=\"noreferrer noopener\"><strong>http:\/\/ec.europa.eu\/consumers\/odr\/<\/strong><\/a><\/td><\/tr><tr><td><strong>Haftungshinweis<\/strong><br>Trotz sorgf\u00e4ltiger inhaltlicher Kontrolle \u00fcbernehmen wir keine Haftung f\u00fcr die Inhalte externer Links. F\u00fcr den Inhalt der verlinkten Seiten sind ausschlie\u00dflich deren Betreiber:innen verantwortlich.<\/td><\/tr><tr><td><strong>Quellenangabe f\u00fcr verwendete Bilder und Grafiken, sofern nicht explizit angegeben<\/strong><br><a href=\"https:\/\/www.canva.com\">https:\/\/www.canva.com<\/a><\/td><\/tr><tr><td><strong>Stand vom 03.06.2024<\/strong><\/td><\/tr><\/tbody><\/table><\/figure>\n","protected":false},"excerpt":{"rendered":"<p>AVOXANO AGGeschwister-Scholl-Str. 24 68723 OftersheimDeutschland Tel: +49 6202 95302-80 E-Mail: info(at)avoxano.comInternet: www.avoxano.com Vorsitzende des Aufsitzsrates: Frau Arlane DOHERTYVorstandsvorsitzender: Herr Ante CRNJACRegistergericht Mannheim HRB 751153 Umsatzsteuer-Identifikationsnummer gem\u00e4\u00df \u00a7 27 a Umsatzsteuergesetz: DE368423613D-U-N-S\u00ae Nummer: 315746316WKN \/ ISIN: A40HZ0 \/ DE000A40HZ04 Programmierung &amp; DesignInhaltlich Verantwortlicher gem\u00e4\u00df \u00a7 6 MDStV: Herr Ante CRNJAC StreitschlichtungDie EU-Kommission stellt eine Plattform f\u00fcr [&hellip;]<\/p>\n","protected":false},"author":1,"featured_media":0,"parent":0,"menu_order":0,"comment_status":"closed","ping_status":"closed","template":"page-no-title","meta":{"footnotes":""},"class_list":["post-6","page","type-page","status-publish","hentry"],"_links":{"self":[{"href":"https:\/\/avoxano.com\/cms\/wp-json\/wp\/v2\/pages\/6","targetHints":{"allow":["GET"]}}],"collection":[{"href":"https:\/\/avoxano.com\/cms\/wp-json\/wp\/v2\/pages"}],"about":[{"href":"https:\/\/avoxano.com\/cms\/wp-json\/wp\/v2\/types\/page"}],"author":[{"embeddable":true,"href":"https:\/\/avoxano.com\/cms\/wp-json\/wp\/v2\/users\/1"}],"replies":[{"embeddable":true,"href":"https:\/\/avoxano.com\/cms\/wp-json\/wp\/v2\/comments?post=6"}],"version-history":[{"count":67,"href":"https:\/\/avoxano.com\/cms\/wp-json\/wp\/v2\/pages\/6\/revisions"}],"predecessor-version":[{"id":1900,"href":"https:\/\/avoxano.com\/cms\/wp-json\/wp\/v2\/pages\/6\/revisions\/1900"}],"wp:attachment":[{"href":"https:\/\/avoxano.com\/cms\/wp-json\/wp\/v2\/media?parent=6"}],"curies":[{"name":"wp","href":"https:\/\/api.w.org\/{rel}","templated":true}]}}